 of k(g).
23
Suppose -4*i + i - 6 = 0. Let q(n) = 8*n**2 - n - 1. List the prime factors of q(i).
3, 11
Suppose 0 = -2*u + 2*q - 0*q + 8, -2*q = 5*u - 20. Suppose 4*t = 22 + 2. Suppose 0 = g - t*g - u*z + 105, 71 = 3*g + 4*z. List the prime factors of g.
17
List the prime factors of (-10)/35 - (-1)/((-7)/(-961)).
137
Let o(k) be the second derivative of -k**3/6 - 3*k**2/2 - k. Let w be o(-8). Suppose -70 = -5*u - w*z, -74 + 6 = -5*u - 4*z. What are the prime factors of u?
2, 3
Let t = 184 + -87. What are the prime factors of t?
97
Let z(x) = 11*x - 5. Let p be z(2). Let v = 31 - p. Suppose -4*u + s + 5 + 25 = 0, 0 = -2*u + s + v. What are the prime factors of u?
2
Let i = -1 - -1. Suppose -3 = -i*l + 3*l. What are the prime factors of 1 - (2 + l) - -4?
2
Suppose 96 + 96 = 2*o. List the prime factors of o.
2, 3
Let t(z) = 2*z**2 - 9*z + 5. Let v = 14 - 7. Let d be t(v). List the prime factors of d/(-12)*6/(-4).
5
Let a(k) = -53*k - 4. List the prime factors of a(-2).
2, 3, 17
Let u be ((-6)/15)/((-2)/(-20)). Let p(a) be the first derivative of a**4/4 + a**3 - 3*a**2 - 4*a + 7. What are the prime factors of p(u)?
2
Let c be 2 - 5/(10/4). List the prime factors of (-1)/(2/(-6) + c).
3
Suppose 0 = -5*w + 4 + 6. Suppose 2*l + w*u = 7*l - 32, -2*u = -3*l + 20. Suppose -4*d + d + l = 0. List the prime factors of d.
2
Suppose 9 = -3*g + n + 22, -3*n = 12. Suppose 9 = g*k - 18. List the prime factors of k.
3
Let j = -4 - -6. Suppose m = j + 1. What are the prime factors of m?
3
What are the prime factors of (-12)/6*49/(-2)?
7
Let s = -27 + 44. What are the prime factors of s?
17
Suppose 2*g - 20 = -2*g. Suppose -3*t + 53 = g*o, o = -5*t - 4*o + 85. List the prime factors of t.
2
Let p be (-1*2)/((-1)/3). Let v be 4*(-2)/((-16)/6). Suppose j - p = v. What are the prime factors of j?
3
Suppose 8 = 3*p - 7. Suppose -3*j + 5*x + 8 = -52, p*x = 2*j - 45. What are the prime factors of j?
3, 5
Let i = -27 + 32. Suppose d = -i*o + 25, 0 = o - 6*o. List the prime factors of d.
5
Suppose 0 = 2*p - 0*p - 10. What are the prime factors of p?
5
Suppose 2*k - 4*k = -58. List the prime factors of k.
29
Let h = 2 - 2. Suppose 0 = 2*u + 5*c + 7, 5*c + 6 + 9 = h. Suppose u*i - 52 = 28. List the prime factors of i.
2, 5
Let d(s) = -s + 2. Let r be d(1). Let z(w) = 26*w**3 - 2*w**2 + 2*w - 1. List the prime factors of z(r).
5
Suppose g = 4 - 9. Let n = g - -7. Suppose 10 = n*j + 2*d, -2*j - 2*d = 2*d - 14. List the prime factors of j.
3
Let f(h) = -26 + 27 + h**2 - 3*h + h**2. What are the prime factors of f(4)?
3, 7
Let q = -60 + 140. List the prime factors of q.
2, 5
Suppose -2*h = c - 2*c + 10, -3*c = 4*h. Suppose -5*n + 4*i - 5*i = -92, -4*n = c*i - 64. List the prime factors of n.
19
Let w(q) be the second derivative of q**4/12 + q**2 + 3*q. What are the prime factors of w(-3)?
11
Suppose 0 = -o + 2*p + 2*p + 8, 2*o = p + 16. List the prime factors of o.
2
Suppose 3*z - z - 30 = 0. Suppose 5*w = 10 + z. Suppose -5*a + 90 = 5*p, 6*p - w*p = -5*a + 34. What are the prime factors of p?
2, 7
Suppose -2*i = 2*q - 4, 4*q = 2*q - 4*i + 8. Suppose -y + 31 - 12 = q. What are the prime factors of y?
19
Let f(v) = v**3 - 2*v**2 + v + 2. Let c be f(2). Suppose -c*p = -117 + 29. List the prime factors of p.
2, 11
Let d = -7 + 9. Suppose -d*w - 21 = -3*w. List the prime factors of w.
3, 7
Suppose 5*v = 41 - 1. Suppose v - 1 = n. What are the prime factors of n?
7
Let k(i) = 11*i - 24. What are the prime factors of k(10)?
2, 43
Let f(n) = -n**3 + 5*n**2 - 4*n + 8. What are the prime factors of f(4)?
2
Suppose -2*b - 2*x + 30 = 0, -x + 21 = 2*b - 6. Suppose 3*c = 45 + b. What are the prime factors of c?
19
Let z(i) = 18*i - 4. Let n be z(-3). Let r = 81 + n. What are the prime factors of r?
23
Suppose 7*s - 6*s - 2 = 0. Suppose -s*h = 3*h - 50. List the prime factors of h.
2, 5
Suppose 19 = 4*l - 17. List the prime factors of l.
3
Let d = -1 + 1. Suppose o - 4 = -t - 0*o, 2*t - 2*o = d. Suppose 44 = t*m + 2*m. What are the prime factors of m?
11
Let v(f) = f**2 + 4*f - 6. What are the prime factors of v(-8)?
2, 13
Suppose -4*n = 3*j - 2, -3*j = j + n - 7. List the prime factors of 8*((j - 2) + 1).
2
What are the prime factors of (-2)/4 + 273/14?
19
Let l be (24/16)/((-3)/(-640)). List the prime factors of (-1)/(-3 - l/(-108)).
3
Let z(f) = 2*f**2 + 3*f + 4. Let v = -5 - -1. What are the prime factors of z(v)?
2, 3
Let b(s) = -s**2 - 4. Let w be b(0). Let u(i) = i**2 - 3 + 0*i + i + 0*i. List the prime factors of u(w).
3
Let t(v) = 4*v - 1. Let q be t(-1). Let w(r) = -r**2 - 5*r + 1. Let j be w(q). Suppose 2*p - 3 = -j, -2*z + 9 = -p. List the prime factors of z.
5
List the prime factors of 8*(164/16 - -4).
2, 3, 19
Suppose -2*w = -o - 60, -w = -2*o + 14 - 41. What are the prime factors of w?
31
Suppose -2*k + 58 = -2*y, -5*y + k - 146 = -3*k. What are the prime factors of y/(-9)*18/5?
2, 3
Let h(r) = -r**3 - 10*r**2 - 2*r - 7. Let m = 24 + -34. What are the prime factors of h(m)?
13
Let m = 28 + -18. What are the prime factors of 18/2*m/3?
2, 3, 5
Suppose 3*u + 0*u - 636 = 0. What are the prime factors of u?
2, 53
Let q = 14 + -12. Suppose 4*i - 7 - 44 = -3*u, 57 = 3*u + q*i. What are the prime factors of u?
3, 7
Let n(y) = -y**2 - y. Let v be n(-2). Let f = v + 8. List the prime factors of f.
2, 3
Let i = 13 + -19. Let c(m) = -m**3 - 5*m**2 + 2*m - 5. What are the prime factors of c(i)?
19
Suppose -4*w - 2*n = -8*w - 8, -4*w + 8 = 2*n. Let d be 2*5 - (1 - -1). Suppose r + d = j, -5*j - 3*r + 8 + 0 = w. What are the prime factors of j?
2
Let b(c) = c + 12. Let o be b(-6). Let v(p) = 3*p - 5. List the prime factors of v(o).
13
Let p(v) = 2 - v - 1 - 3*v - 5*v**2 - 2*v**3. Let l be p(-3). List the prime factors of 7/14*l/1.
11
Let b(p) = 3*p - 2. Let n be b(2). Suppose -6*z + n*z + 10 = 0. List the prime factors of z.
5
Suppose 96 = -0*v + 2*v. List the prime factors of v.
2, 3
Suppose -10 = 3*v - 8*v + 5*u, u = -4*v + 23. Suppose 2*x + 21 = v*x. What are the prime factors of x?
7
Suppose -t = 4*r - 52, 2*r + 4*t + 1 = 13. List the prime factors of r.
2, 7
Let h = 5 - 2. Suppose 5*c - 15 = 0, -h*c + 2*c = 3*w - 72. List the prime factors of w.
23
Let y be -3*-5*(-3)/(-9). Suppose a - 4*z + 6 = 0, -6*a - 8 = -a + 2*z. Let k = a + y. What are the prime factors of k?
3
What are the prime factors of (-2)/(-7) + (-2634)/(-42)?
3, 7
Suppose -11*x = -5*x - 120. List the prime factors of x.
2, 5
Let o(v) = v**2 + 5*v - 7. Let k be o(-6). Let d(c) be the second derivative of -c**3/6 + c**2/2 + 16*c. What are the prime factors of d(k)?
2
Suppose -6*w = -1129 - 1091. What are the prime factors of w?
2, 5, 37
Let s be (1 - 6)*(1 - 2). Suppose -3*x = -3, -54 - 26 = -s*t - 5*x. What are the prime factors of t?
3, 5
Let c be (-1)/(-1) + (-1 - -2). Let p(s) = 2 - s**c + 1 - 9*s - 13. What are the prime factors of p(-7)?
2
Suppose f - 33 = -2*f. Let l = 10 + f. What are the prime factors of l?
3, 7
Let v(g) = g - 3*g - 1 - 5*g + 0*g. What are the prime factors of v(-2)?
13
Let d be (-4)/((-12)/(-9)) - 0. What are the prime factors of (-1 - -1) + d + 12?
3
Let i(o) = o + 3. Let r be 2/(-1*4/(-22)). What are the prime factors of i(r)?
2, 7
Suppose 0 = 2*o + 2*s - 10, -3*o - 5*s = -2*o - 13. Suppose o*k - 66 = -0*k. What are the prime factors of k?
2, 11
Let x(m) = -m - 4. Let z be x(-6). Let l be z/8 + (-5)/20. Suppose -2*v + 12 + 8 = l. What are the prime factors of v?
2, 5
Let i = -15 + 11. What are the prime factors of (-15)/60 + (-85)/i?
3, 7
Let a(j) = -29*j + 25. List the prime factors of a(-5).
2, 5, 17
Suppose 327 + 113 = 5*t. List the prime factors of t.
2, 11
Let q = 1 + 3. List the prime factors of q.
2
Suppose 654 = 8*m - 2*m. List the prime factors of m.
109
Let u be 2*(2 + 0 + 0). Suppose 5*f + u = 14. What are the prime factors of f?
2
Let u = 680 + -479. What are the prime factors of u?
3, 67
Let a = -324 - -584. List the prime factors of a.
2, 5, 13
What are the prime factors of (-1 - 102/9)*-3?
37
Let o(u) = u**2 + 2*u. Let m be o(-6). Suppose m = -4*x + 6*x. List the prime factors of x.
2, 3
Let y(a) = 4*a**2 - a + 3. List the prime factors of y(3).
2, 3
Let m be 4/(-18) + (-141)/(-27). Suppose 0 = m*t + 27 - 102. What are the prime factors of t?
3, 5
Let p be (-4)/(-18) - 438/27